t + 4*p = -u, 2*t + p - 50 = -3*t. What is the tens digit of t?
1
Suppose -9*f + 4214 - 893 = 0. What is the units digit of f?
9
Let j(m) = m - 11. What is the units digit of j(13)?
2
Let i = 273 - 100. What is the units digit of i?
3
Let x(w) = w**3 - 4*w - 2. Let p be 1/(-3 - (-13)/4). What is the units digit of x(p)?
6
Suppose x - 79 = -5*a, 2*x - 83 = a + 4*a. What is the tens digit of x?
5
Suppose -p - 5*g = -12 - 0, 0 = p - g - 12. Let u = 0 + p. What is the units digit of u?
2
Suppose -12*z + 439 = -1985. What is the hundreds digit of z?
2
Suppose -2*k = 2*k. Suppose -l = -k - 12. Suppose 0 = r - l. What is the units digit of r?
2
Suppose 2*r = 8 + 2. Suppose r*c = 9 - 4. What is the units digit of c?
1
Let n(t) be the first derivative of t**3/3 + t**2/2 - 3. What is the tens digit of n(3)?
1
Let v(a) = -a**3 + 6*a**2 - 6*a. Let n be v(5). Let z = n + 7. Let c = z + 5. What is the units digit of c?
7
Suppose -34 + 11 = -p. What is the tens digit of p?
2
Suppose -91 = 3*q - 2*t, 5*q + t = -108 - 48. Let r = -19 - q. What is the tens digit of r?
1
Let j be 164/14 - (-4)/14. Let n be (-6)/(-8) - 177/j. Let x = -7 - n. What is the units digit of x?
7
Let d(q) be the first derivative of -q**4/4 - 2*q**3/3 - q**2/2 - q - 4. What is the tens digit of d(-3)?
1
Let w(i) = i**2 + 5*i - 8. What is the units digit of w(-8)?
6
Let y(a) = a**2 + a + 120. Let w be y(0). Suppose c + 4*c = w. What is the tens digit of c?
2
Let o be 70/5 - (-2 - -5). Suppose 0 = -2*w + a + 21, -5*w - a + 52 + o = 0. What is the tens digit of w?
1
Let z(k) = 14*k + 1. Let i(j) = 13*j. Let h(n) = 4*i(n) - 3*z(n). What is the tens digit of h(2)?
1
Let r(y) = y**3 + 6*y**2 - 3*y - 6. Let c(o) = -o**2 + 3. Let i be c(3). What is the tens digit of r(i)?
1
Let q = 47 - 77. What is the units digit of (8/(-4))/(3/q)?
0
Let b(u) = -u**2 + 10*u - 10. Suppose 6 = q - 1. What is the units digit of b(q)?
1
What is the tens digit of (165/44)/(3/8)?
1
Let d = 6 + -3. Suppose p - 2 = 2*p, 0 = d*s - 3*p - 9. What is the units digit of s?
1
Let q(t) = 2*t + t - 1 - 1. Let l be q(2). Suppose -2*a - l*g + 5*g + 22 = 0, -22 = -2*a + 2*g. What is the tens digit of a?
1
Let i(c) be the first derivative of c**4/4 + 8*c**3/3 + 4*c**2 + 6*c - 2. What is the tens digit of i(-4)?
3
Suppose -5*j = 2*o - 90, 2*j - 2*o - 2*o = 36. What is the units digit of j?
8
Suppose -9 = -5*b + 3*c, -5*b + c - 2*c + 17 = 0. What is the units digit of b?
3
Let h be (1/(-3))/(4/(-84)). Suppose g + 9 = -5*y, g = 3*g - y + h. What is the units digit of (-18)/(-2) - (-4)/g?
8
Let o = 8 + -12. Let s(h) = -h + 2. Let u be s(o). What is the units digit of (1 - 0) + u/1?
7
Let q be (-1)/((3 - 4)/7). Suppose 2*a + 12 = q*a - 2*m, 3*a + 2*m = 20. Suppose 0 = -a*d + 4. What is the units digit of d?
1
Let l(g) = g**3 + 4*g**2 - 5*g - 1. Let h be (-6)/(-4) - (-39)/(-6). Let c be l(h). What is the units digit of c/4 - (-41)/4?
0
Let d(s) = s**3 - 12*s**2 + 10*s + 13. Let n be d(11). Suppose 6*u + 13 = c + 2*u, 3*c + n*u - 53 = 0. What is the tens digit of c?
1
Suppose -5*i = 5*f, 0*i - 3*i = -3*f. Let q be (i - -2) + (0 - -3). Suppose -1 = -2*o + q. What is the units digit of o?
3
Suppose -3*q + 17 = -j, -4*j - 13 = -3*q + 10. Let t(m) be the second derivative of -m**5/20 + m**3/3 + m**2 - m. What is the units digit of t(j)?
6
Let i = 22 + -10. What is the units digit of (i/(-14))/(5/(-35))?
6
Let y = -16 + 17. What is the units digit of y?
1
Suppose 9*p = 4*p - 15. Let m = p + 5. What is the units digit of m?
2
Let m(o) = 6*o**2 - 7 + 3*o**3 + 2*o**2 - o**2 + o - 4*o**3. What is the tens digit of m(6)?
3
Let w be 16/6*9/(-6). Let s(z) = -2*z - 3. What is the units digit of s(w)?
5
What is the units digit of (4/10)/(3/285)?
8
Suppose 0 = -2*k + 15 + 29. What is the units digit of k?
2
Let d = 118 - 41. What is the tens digit of d?
7
Let t = 67 - -21. What is the tens digit of t?
8
Let d(r) = -2*r**3 - 5*r**2 - 2*r - 1. What is the units digit of d(-4)?
5
Suppose 0 = -x + 4*d + 9, 3*d - 18 = 3*x. Let p = x + 13. Suppose p*i = -i + 66. What is the tens digit of i?
2
Let l = 7 - 2. Suppose -2*x = -l*x + 354. Suppose 2*m = 3*b - 39, -5*b - 40 = m - x. What is the units digit of b?
5
Let l(y) = -y**2 + 11*y + 4. Let f be l(11). Suppose 2*u - z = -3*z + 14, -u = -f*z - 32. What is the units digit of u?
2
Let c(m) = -m**2 + 9*m - 12. Let u be c(8). Let q(a) = -5*a - 5. What is the units digit of q(u)?
5
Suppose 0 = -0*n - 2*n + 38. Suppose d + n = 3*h, -2 = 4*h - 3*d - 24. What is the units digit of h?
7
Let j(g) be the first derivative of -g**4/2 + g + 2. Let v be j(-2). Suppose 0 = -0*y + 3*y - 5*a - v, -a = 4*y - 15. What is the units digit of y?
4
Let b(j) = -j**2 - 7*j - 5. What is the units digit of b(-6)?
1
Let r(p) = -p - 2. Let b be r(-8). Suppose b*c - 30 = c. What is the units digit of c?
6
Let t = -60 + 91. What is the tens digit of t?
3
Let g = 14 - 8. Let b be (g/4)/((-6)/(-8)). Suppose y = 5*r - 7, -4*y + b*r = 2 - 10. What is the units digit of y?
3
Let d(p) = -p**3 - 3*p**2 + p. Let s be d(-3). Let v be 86/s + 6/9. What is the units digit of (-1)/(-3) - v/6?
5
Let n(t) = 12*t + 4. Let a(q) = -24*q - 9. Let y(d) = -3*a(d) - 7*n(d). What is the units digit of y(-1)?
1
Suppose -3*k + 26 = -4*k. Let s = k - -46. What is the tens digit of s?
2
Let l = -14 + 28. Suppose -j + 2*h + 10 = 0, -l = -2*j - 3*h + 4*h. Suppose j = 4*v - 18. What is the units digit of v?
6
Let m(j) = -29*j + 19. What is the tens digit of m(-7)?
2
Let z(q) = 15*q - 11. What is the tens digit of z(5)?
6
Let o = 305 - 137. What is the tens digit of o?
6
Suppose -6 = a + 3*s - 2, 2*s = -2*a. Let z = a + -3. Let m = z - -5. What is the units digit of m?
4
Suppose 6*z - 10*z = -752. What is the hundreds digit of z?
1
Let w = 127 + -45. What is the units digit of w?
2
Let v(o) = 2*o - o - 2 - 6*o. Let m(z) = -z**2 - 3*z + 2. Let s be m(-4). What is the units digit of v(s)?
8
Let u(q) = -5*q**3 - q**2 - q - 1. Let t be u(-1). Suppose -3*s + i = t, -3*i + 10 = 25. What is the units digit of (-2 - -1)/(s/3)?
1
What is the tens digit of -1*((4 - 143) + 0)?
3
Suppose 0 = -4*w - l + 9, 5*w - 5*l = 21 + 9. What is the tens digit of (-2)/w + 106/6?
1
Suppose 4 + 6 = 5*o. Suppose -3*z = 2*i - 0*z - 54, 0 = -3*i - o*z + 71. What is the tens digit of i?
2
Suppose 17*o - 20*o + 177 = 0. What is the tens digit of o?
5
Let n(h) = 9*h**2 + 3*h + 6. Let m(z) = 5*z**2 + 2*z + 3. Let u = -12 + 23. Let l(r) = u*m(r) - 6*n(r). What is the units digit of l(-5)?
2
What is the tens digit of 488/5 + 22/55?
9
Suppose -5*g + 5 = -2*t + 7*t, 0 = -g + 5*t - 5. Let p = -8 - -14. Let q = g + p. What is the units digit of q?
6
Suppose i - w - 37 = 0, 2*w - 25 - 111 = -4*i. What is the units digit of i?
5
Suppose 16 = b + b. What is the units digit of b?
8
Let s = -2 - -4. What is the units digit of ((-1)/s)/(6/(-12))?
1
Let j = -16 - -22. Let u = -6 + j. What is the units digit of 2/2 - u/2?
1
What is the units digit of 10 - 0 - (3 - 5)?
2
Suppose 0 = -w - 17 + 37. What is the tens digit of w?
2
Let y(u) = 22*u - 33. What is the units digit of y(4)?
5
Let r(z) be the first derivative of 3*z**2 - 10*z - 2. What is the tens digit of r(4)?
1
Let j(w) = w + 5. Let z be j(7). Suppose 0 = 5*k - 3*g - 10, 2*k = -4*g + 18 + z. Suppose k*o - 77 + 22 = 0. What is the tens digit of o?
1
Suppose 0 = -b + 3*w + 158, 104 = b + 2*w - 29. What is the units digit of b?
3
Suppose 0 = t + 3*k + 17, 2*t - 6*k - 21 = -k. What is the units digit of (-9)/t - 3/(-6)?
5
Let l = 2 - -3. Suppose -l*d = 2*n - 31, -2*n + 9 = d - 2. What is the units digit of d?
5
Let q = 49 - 27. Suppose -6 = -4*w + q. What is the units digit of w?
7
Suppose 0 = i + 4 - 53. What is the tens digit of i?
4
Suppose -4*q = 3*x - 908, 3*x - 910 = -0*x - 5*q. What is the tens digit of x?
0
Suppose -31 = -2*t - 3*w, t + 3*w - 7 - 10 = 0. Let l be (4*1)/((-1)/t). Let m = l - -78. What is the tens digit of m?
2
Suppose 2*y = 4*k, 0*k - 4*k = -8. What is the units digit of y?
4
Suppose 3 - 18 = 5*g. What is the tens digit of (-19)/(-2)*(-1 - g)?
1
Let x = -53 - -78. What is the units digit of x?
5
Let n be (2 + -3 - 1)*-1. Suppose -n*f + 5*f = 6. Suppose k - f*l - 26 = l, 2*k - 32 = 2*l. What is the units digit of k?
1
Suppose 319 = 4*j -